{"id":173,"date":"2023-01-01T13:07:46","date_gmt":"2023-01-01T13:07:46","guid":{"rendered":"https:\/\/vanessasdomain.com\/?page_id=173"},"modified":"2024-11-17T05:35:21","modified_gmt":"2024-11-17T05:35:21","slug":"the-ritual-of-weila","status":"publish","type":"page","link":"https:\/\/vanessasdomain.com\/?page_id=173","title":{"rendered":"The Ritual of Weila"},"content":{"rendered":"\n<p>This is a Mesopotamian style headless rite originally published in Peacock Goat Review Vol.1 No. 5. It has been modified since that version with various improvements. It was created based on the Stele of Jeu (also called The Headless Rite and The Bornless Rite), a ritual which is very popular among the modern occult community. This version is designed as a functional replacement for the ritual but in the Mesopotamian modality. It borrows heavily from the Witchcraft Series Maql\u00fb and the Tablets of Creation to create a ritual with a similar framework and purpose as that found in the Greek Magical Papyri but with a strong Mesopotamian foundation, primarily from the Babylonian era. This improved version is inspired by the Ritual For Calling Down Oannes by Allen Greenfield as well as by new research into the topics used within.<\/p>\n\n\n\n<hr class=\"wp-block-separator has-alpha-channel-opacity\"\/>\n\n\n\n<figure class=\"wp-block-image\"><img decoding=\"async\" src=\"https:\/\/www.the-ekur.com\/wp-content\/uploads\/2020\/04\/Sign-of-Respect.png\" alt=\"\" class=\"wp-image-1450\"\/><\/figure>\n\n\n\n<p>Prepare the sacred space and form around yourself the circle of protection. Hold a black mirror so as to catch the light of the Pleades, make the sign of respect and recite:<\/p>\n\n\n\n<p><em>en-e-nu-ru<\/em><\/p>\n\n\n\n<p><em>I invoke the, wise Ea! Bring forth the e\u0163emmu of Iluw\u0113ila within me! <\/em><em>You have distinguished the just and the unjust. You, <\/em><em>with Mami<\/em><em> have made female and male. You have revealed seed and fruits.<br>You have made men love each other and hate each other. I am <\/em><em>Adapa<\/em><em> your prophet to whom you have transmitted your mysteries celebrated by <\/em><em>Eridu<\/em><em>. You have revealed the moist and the dry and all nourishment. Hear me!<\/em><\/p>\n\n\n\n<p><em>I am the messenger of <\/em><em>Lord<\/em><em>Enki<\/em><em>. This is your true name which has been handed down to the prophets of <\/em><em>U<\/em><em>r<\/em><em>. Hear me!<\/em><\/p>\n\n\n\n<p><em>I invoke you, Iluw\u0113ila, God with intelligence; You who\u2019s flesh formed the world; You who\u2019s blood gave life to the earth, <\/em><em>you who\u2019s e\u0163emmu remains in every human<\/em><em>; I call upon you oh awesome and invisible god whom none has ever seen; <\/em><em>Y<\/em><em>ou are Lahmu! You are Lahamu! You had inspiration in the assembly!<\/em><\/p>\n\n\n\n<p><em>Hearken to me and turn back this <\/em><em>udug<\/em><em>! I call upon you, terrible and unseen god, with an empty spirit: Holy <\/em><em>slain god<\/em><em>! <\/em><em>Deliver me from the udug that holds onto me!<\/em><\/p>\n\n\n\n<p><em>Hear me, great Abgal; Oannes, Uanduga, Enmeduga, Enmegalama, Enmebuluga, Anenlilda, Utuabzu! They are the seven brilliant pur\u00e0du-fish, pur\u00e0du-fish from the sea, the seven sages, who were created in the river, who ensure the correct execution of the plans of heaven and earth. Seven sages of human descent, whom Ea, the lord, perfected with wide understanding.<\/em><\/p>\n\n\n\n<p><em>Subject to me all gidim, so that every gidim, whether l\u00edl or dug, of ki or of kur, on bar-rim or in ab, and every nam-\u0161ub and u\u0161 might be obedient to me. Deliver me from all restraining gidim and u\u0161.<\/em><\/p>\n\n\n\n<p><em>En-e-nu-ru<\/em><\/p>\n\n\n\n<p><em>Hear me, Gir-unug-gal Ne-ti Dumu-zid Ere\u0161-ki-gal \u011ce\u0161tin-an-na-\u0161e Dutu I have called upon you, Gods of Night; With you I have called upon Night, the Veiled Bride I have called on Twilight, Midnight and Dawn<\/em><\/p>\n\n\n\n<p><em>Hear me, great Abgal; Oannes, Uanduga, Enmeduga, Enmegalama, Enmebuluga, Anenlilda, Utuabzu! They are the seven brilliant pur\u00e0du-fish, pur\u00e0du-fish from the sea, the seven sages, who were created in the river, who ensure the correct execution of the plans of heaven and earth. Seven sages of human descent, whom Ea, the lord, perfected with wide understanding.<\/em><\/p>\n\n\n\n<p><em>Subject to me all gidim, so that every gidim, whether l\u00edl or dug, of ki or of kur, on bar-rim or in ab, and every nam-\u0161ub and u\u0161 might be obedient to me. Deliver me from all restraining gidim and u\u0161.<\/em><\/p>\n\n\n\n<p><em>En-e-nu-ru<\/em><\/p>\n\n\n\n<p><em>Hear me, <\/em><em>Lord <\/em><em>Marduk! O Asari, bestower of planting, founder of sowing, Creator of grain and plants, who caused the green herb to spring up! O Asaru-alim, who is revered in the house of counsel, who abounds in counsel, The gods paid homage, fear took hold upon them! O Asaru-alim-nuna, the mighty one, the light of the father who begat him, Who directs the decrees of An, Ninurta, and Enki! He was their patron, he ordained their offices; He, whose provision is abundance, goes forth! Tutu is he who created them anew; He is the lord of the gods. He is the lord of the inhabited world. He is the one whom the winds fear. He is the one who made all things by the command of his voice. Lord! King! Master! Helper! Save the soul:Quickly, quickly, good messenger of <\/em><em>Anu<\/em><em>:<\/em><\/p>\n\n\n\n<p><em>Hear me, great Abgal; Oannes, Uanduga, Enmeduga, Enmegalama, Enmebuluga, Anenlilda, Utuabzu! They are the seven brilliant pur\u00e0du-fish, pur\u00e0du-fish from the sea, the seven sages, who were created in the river, who ensure the correct execution of the plans of heaven and earth. Seven sages of human descent, whom Ea, the lord, perfected with wide understanding.<\/em><\/p>\n\n\n\n<p><em>Subject to me all gidim, so that every gidim, whether l\u00edl or dug, of ki or of kur, on bar-rim or in ab, and every nam-\u0161ub and u\u0161 might be obedient to me. Deliver me from all restraining gidim and u\u0161.<\/em><\/p>\n\n\n\n<p><em>En-e-nu-ru<\/em><\/p>\n\n\n\n<p><em>Hear me, great Abgal; Oannes, Uanduga, Enmeduga, Enmegalama, Enmebuluga, Anenlilda, Utuabzu!<\/em><\/p>\n\n\n\n<p><em>Hear me Iluw\u0113ila! <\/em><em>I am <\/em><em>slain<\/em><em> Iluw\u0113ila, <\/em><em>the e\u0163immu which survives. I have not forgotten the sign!<\/em><em>I am Gibil, the mighty one who possesses primeval fire;<\/em><em>I am Utu, who hates the fact that unjust deeds are done in the world;<\/em><em>I am Ninurta, who holds the mighty thunderbolt;<\/em><em>I<\/em><em> am Enlil, who\u2019s sweat falls upon the earth as rain so that life can begin;<\/em><em>I am Enki, who\u2019s mouth speaks great wisdom;<\/em><em>I am Inanna, who begets and destroys;<\/em><em>I am Dumuzid, the consort of the queen of heaven;<\/em><em>I am Ningizada, the entwining of serpents;<\/em><em>Come forth and follow.<\/em><\/p>\n","protected":false},"excerpt":{"rendered":"<p>This is a Mesopotamian style headless rite originally published in Peacock Goat Review Vol.1 No. 5. It has been modified since that version with various improvements. It was created based on the Stele of Jeu (also called The Headless Rite and The Bornless Rite), a ritual which is very popular among the modern occult community. &hellip; <\/p>\n<p class=\"link-more\"><a href=\"https:\/\/vanessasdomain.com\/?page_id=173\" class=\"more-link\">Continue reading<span class=\"screen-reader-text\"> &#8220;The Ritual of Weila&#8221;<\/span><\/a><\/p>\n","protected":false},"author":1,"featured_media":0,"parent":0,"menu_order":0,"comment_status":"closed","ping_status":"closed","template":"","meta":{"footnotes":""},"class_list":["post-173","page","type-page","status-publish","hentry"],"_links":{"self":[{"href":"https:\/\/vanessasdomain.com\/index.php?rest_route=\/wp\/v2\/pages\/173","targetHints":{"allow":["GET"]}}],"collection":[{"href":"https:\/\/vanessasdomain.com\/index.php?rest_route=\/wp\/v2\/pages"}],"about":[{"href":"https:\/\/vanessasdomain.com\/index.php?rest_route=\/wp\/v2\/types\/page"}],"author":[{"embeddable":true,"href":"https:\/\/vanessasdomain.com\/index.php?rest_route=\/wp\/v2\/users\/1"}],"replies":[{"embeddable":true,"href":"https:\/\/vanessasdomain.com\/index.php?rest_route=%2Fwp%2Fv2%2Fcomments&post=173"}],"version-history":[{"count":3,"href":"https:\/\/vanessasdomain.com\/index.php?rest_route=\/wp\/v2\/pages\/173\/revisions"}],"predecessor-version":[{"id":2843,"href":"https:\/\/vanessasdomain.com\/index.php?rest_route=\/wp\/v2\/pages\/173\/revisions\/2843"}],"wp:attachment":[{"href":"https:\/\/vanessasdomain.com\/index.php?rest_route=%2Fwp%2Fv2%2Fmedia&parent=173"}],"curies":[{"name":"wp","href":"https:\/\/api.w.org\/{rel}","templated":true}]}}